culate the highest common divisor of r and 55.
5
Let w be 4/((2 - 3) + 2). Suppose -5*b = 2*b - b. Suppose 2*j + 18 - 26 = b. Calculate the greatest common factor of w and j.
4
Suppose r = 3*p - 137, p + 2*p = -4*r + 127. Calculate the highest common divisor of p and 1530.
45
Suppose 5442 - 5340 = 6*a. Calculate the greatest common factor of a and 1870.
17
Suppose 4*k - 4*w = -8, -3*k - 8 = -k - 4*w. Suppose k = 5*l - 4*c + 58, 3*l = -2*l + c - 52. Let v = 13 + l. What is the greatest common factor of v and 12?
3
Let w(b) = b**2 - 12*b - 20. Let c be w(-8). What is the greatest common divisor of c and 14?
14
Let p(q) = -3*q - 46. Let n be p(-38). Calculate the greatest common factor of n and 884.
68
Let y = -20 - -14. Let n be (-15)/5*y*2. Calculate the greatest common factor of n and 24.
12
Let d(n) = 4*n**2 + 2*n - 2. Let g be d(2). Let r(s) = s**3 - 4*s + 2. Let z be r(2). Calculate the highest common factor of g and z.
2
Suppose 4*h = -2*i + 58, 2*h + 2*i + 47 = 5*h. Calculate the highest common divisor of h and 660.
15
Suppose -8*v + 3*v + 141 = 3*y, -3*v + 9 = 0. What is the highest common divisor of 294 and y?
42
Suppose 174 = -8*m + 9*m. Calculate the greatest common factor of 116 and m.
58
Let l(r) = -127*r**2 + 3*r - 14. Let c be l(-7). Let h = c - -10493. Let v be 2/(-13) + h/65. Calculate the highest common divisor of 13 and v.
13
Let a be 10 - (2 - -2 - (-3 - -3)). Calculate the highest common factor of 24 and a.
6
Let n(v) = -v**3 - 14*v**2 - 43*v - 84. Let q be n(-12). Calculate the highest common divisor of 624 and q.
48
Suppose -360*n = -385*n + 275. What is the greatest common factor of 165 and n?
11
Let p(d) = -d**3 + 6*d**2 - 5*d - 3. Suppose -22 = -5*w - t, 20 = 4*w + 3*t - t. Let c be p(w). Calculate the greatest common divisor of 81 and c.
9
Let y(o) = 6*o + 7. Let t be y(2). What is the highest common factor of 2 and t?
1
Suppose -8*t + 7*t = -20. Let p be (8/t)/((3/(-40))/(-3)). What is the greatest common divisor of p and 128?
16
Let f be -1*10*(-5 - 0/(-4)). What is the highest common factor of 400 and f?
50
Suppose -5*h + 42 = -4*q + q, -4*h - 4*q = -8. Let k(r) = -32*r + 2. Let u be k(-2). Calculate the greatest common divisor of h and u.
6
Let y(p) = 8*p - 12. Let m be y(10). Let t = 100 - m. Suppose 3*s + k - 5 = 21, -4*k + 24 = 2*s. Calculate the highest common factor of t and s.
8
Suppose -5*c - 1 = 44. Let j be (24/c)/(14/(-21)). Calculate the greatest common factor of 36 and j.
4
Suppose 14*f = 61*f - 30080. What is the greatest common factor of f and 20?
20
Let l be (4 - 18)*10/(-1). Suppose 7 = -2*j + 19, -4*y + j + 74 = 0. Calculate the greatest common factor of l and y.
20
Suppose 2049 = 3*g - 4*p + 10*p, 3480 = 5*g - 3*p. What is the greatest common factor of g and 315?
63
Let q(k) = k - 13. Let m be q(13). Suppose -5*p + 10 = -m. Suppose 4*u = z + 3*z, 4 = p*z. What is the highest common divisor of u and 16?
2
Let y be ((-9)/6)/(5/(-550)). Suppose 167*k - 28 = y*k. What is the highest common divisor of k and 63?
7
Let n = -85 - -147. What is the greatest common divisor of 31 and n?
31
Let u(y) = 85*y**3 - 2*y + 1. Let j = -6 + 8. Let t be (-1 - 1)/(j/(-1)). Let d be u(t). Calculate the highest common divisor of 21 and d.
21
Suppose 889 = 54*s + 133. Calculate the highest common factor of 434 and s.
14
Let o be -19 + (9/(-3) - 0). Let x = o - -10. Let j be (-424)/x + 2/3. What is the highest common divisor of j and 9?
9
Suppose -14 = -0*b - b. Suppose 10*l + 28 = 17*l. Suppose -2*z - 10 = 0, -l*a + 5*z + 46 = -a. What is the highest common divisor of b and a?
7
Let g = 348 + -319. What is the highest common factor of g and 464?
29
Let q = 51 - 36. Let n = 29 - q. Calculate the greatest common factor of 56 and n.
14
Suppose -4*r + 1 = -7. Let u(q) = 2*q**2 - 7*q**2 + 11*q**r - 2*q. Let f be u(-3). What is the greatest common divisor of 24 and f?
12
Suppose -140*c + 2280 = -26*c. Calculate the highest common divisor of c and 236.
4
Let s(c) = -c**3 - c**2 + 4*c + 46. Let x be s(0). Suppose 0 = -0*b - 2*b + 5*l + 363, 0 = -5*b - 3*l + 923. Calculate the greatest common factor of x and b.
46
Suppose 4*t = o + 13, 31 = 3*t - o - 4*o. Suppose 88 = t*a + 6. Suppose -2*m + 13 = -m - 2*g, 4*g + a = 5*m. What is the greatest common factor of 5 and m?
5
Let g = -5 - -65. Suppose 9*b - 4*b = -5*q + g, -4*q - 16 = -4*b. What is the highest common factor of b and 56?
8
Suppose -117*t + 162*t = 167310. Calculate the greatest common factor of 22 and t.
22
Suppose -2*k = -k - 5*r - 43, 4*r - 12 = 0. Let q = k - 45. Calculate the highest common factor of 52 and q.
13
Let u be 1406/8 - (-16)/64. Calculate the greatest common factor of u and 48.
16
Suppose 260 = 3*k + k. Suppose -x = -2, 4*x - 154 = -3*j - x. Let m = j - 22. What is the greatest common divisor of m and k?
13
Suppose 3*k - 2539 = -5*a, -a = -3*k - 280 - 217. Let f = 13 - -33. Calculate the highest common divisor of f and a.
46
Let v be 1 - -1 - (20 + 0). Let u be (-2838)/(-27) + 2/v. Calculate the greatest common divisor of 21 and u.
21
Suppose 5*z - 5*v = 4*z - 8, 3*v - 51 = 2*z. Let a = 37 + z. What is the greatest common factor of a and 44?
4
Let r = 760 + 152. What is the highest common factor of r and 48?
48
Let c be -32*((-13)/(-4) + -4). Let y = c - 14. Calculate the greatest common divisor of y and 5.
5
Let f be 117535/385 + 15/21. What is the greatest common divisor of 18 and f?
18
Let d be 2 + -3 + (1 - -204). Let c = d + -76. Suppose -4*s + 42 = -4*q - 2, 2*s + 2*q - 42 = 0. Calculate the highest common divisor of c and s.
16
Suppose -2*o + 41 = -5*w, -44 = -o + w - 16. Let r be (33/2)/(1/16). Calculate the greatest common factor of r and o.
33
Let i = -390 + 440. Calculate the highest common divisor of 175 and i.
25
Suppose 4*u + 0*u = -8. Let q = 17 + u. Calculate the greatest common factor of q and 105.
15
Suppose 0 = j + 359 - 1119. What is the greatest common factor of 456 and j?
152
Let z = 8 - 5. Suppose -4*p - 1126 = 3*m, 3*p - 404 = z*m + 736. Let f = -162 - m. What is the highest common divisor of f and 27?
27
Let w be (-3)/((-54)/12)*(-9)/(-2). Suppose 0 = -v + w*v + 3*n - 102, 3*n = v - 51. What is the greatest common factor of 17 and v?
17
Let d = -117 + 149. Let j = 4 + 4. What is the highest common factor of d and j?
8
Let x = 6082 + -3517. What is the greatest common divisor of 270 and x?
135
Suppose -9*u + 3*u - 48 = 0. Let r be 131 + (4 + u)*-1. Calculate the highest common divisor of 15 and r.
15
Let a(i) = 2*i**2 - 46*i + 84. Let f be a(-29). What is the greatest common factor of f and 25?
25
Suppose 0 = -4*k - 2*c + 546, -k + 129 = -5*c + 4*c. Calculate the greatest common factor of k and 469.
67
Let q(w) = w**2 - 5*w - 32. Let n be q(-5). What is the greatest common factor of 4 and n?
2
Let f(k) = -k + 12. Let x be f(10). Suppose x*s = s + 9. Calculate the greatest common divisor of s and 99.
9
Let x(a) = -2*a + 12. Let q be x(6). Suppose q = -4*r - r. Suppose r = 3*n - 7 - 5. Calculate the highest common divisor of 16 and n.
4
Let w(f) = -f**3 + 7*f**2 - 3*f - 1. Let r be w(6). Suppose -118 = -q + r. Let l be 10*((-324)/(-15))/4. Calculate the highest common factor of q and l.
27
Let u(v) = 24*v - 167. Let t be u(8). What is the highest common divisor of t and 425?
25
Let h be 1/(-6) + 1/((-18)/(-2343)). Let y = h - 85. What is the highest common divisor of y and 9?
9
Suppose -2*a + 552 = 10*a. Calculate the greatest common factor of a and 2.
2
Let x be ((-2)/4)/((-6)/(-444)). Let u be x*(1 + 1)/(-2). Let n = u - -15. What is the highest common divisor of n and 13?
13
Let b = 355 - 150. Calculate the greatest common divisor of b and 20.
5
Let u be 2583/14 + (-1)/2. Let h = 11 - -12. What is the highest common factor of h and u?
23
Suppose -21 = 5*x - 36. Let j be (-562)/(-8) - x/12. Let z = 10 + 4. What is the greatest common factor of j and z?
14
Suppose 0 = 3*n - 5*s + 7*s - 250, 3*n - 2*s - 230 = 0. Calculate the highest common factor of n and 176.
16
Let f = 734 - 558. What is the highest common divisor of f and 11?
11
Let v be (-255 + 0*4/8)*-3. Calculate the highest common divisor of v and 15.
15
Let d = -25 - -20. Let s(c) = -c**3 - 4*c**2 + 3*c + 4. Let v be s(d). What is the highest common factor of 42 and v?
1